he prime factors of 16125763.
16125763
What are the prime factors of 8880262?
2, 4440131
What are the prime factors of 27844?
2, 6961
List the prime factors of 255762.
2, 3, 13, 1093
What are the prime factors of 8380169?
7, 1197167
List the prime factors of 127872.
2, 3, 37
What are the prime factors of 81126?
2, 3, 4507
What are the prime factors of 962721?
3, 41, 2609
List the prime factors of 15083671.
1657, 9103
What are the prime factors of 1191190?
2, 5, 7, 11, 13, 17
What are the prime factors of 429042?
2, 3, 23, 3109
What are the prime factors of 387938?
2, 47, 4127
What are the prime factors of 14846764?
2, 3711691
What are the prime factors of 11828048?
2, 739253
What are the prime factors of 282874?
2, 67, 2111
List the prime factors of 348192.
2, 3, 13, 31
List the prime factors of 572821.
572821
What are the prime factors of 3138587?
157, 19991
List the prime factors of 222932.
2, 55733
List the prime factors of 596227.
596227
List the prime factors of 13792545.
3, 5, 13, 29, 271
What are the prime factors of 8016817?
31, 258607
List the prime factors of 704700.
2, 3, 5, 29
List the prime factors of 6365857.
6365857
List the prime factors of 9566403.
3, 7, 11, 41413
List the prime factors of 378574.
2, 7, 3863
What are the prime factors of 265511?
265511
List the prime factors of 138288.
2, 3, 43, 67
List the prime factors of 878811.
3, 457, 641
What are the prime factors of 256296?
2, 3, 59, 181
List the prime factors of 2074210.
2, 5, 31, 6691
List the prime factors of 193477.
17, 19, 599
List the prime factors of 328815.
3, 5, 7307
List the prime factors of 1436966.
2, 389, 1847
List the prime factors of 5007121.
7, 715303
What are the prime factors of 6224?
2, 389
What are the prime factors of 10939310?
2, 5, 101, 10831
List the prime factors of 292568.
2, 36571
List the prime factors of 101011.
83, 1217
What are the prime factors of 549624?
2, 3, 22901
List the prime factors of 33085335.
3, 5, 1153, 1913
What are the prime factors of 29398716?
2, 3, 419, 1949
List the prime factors of 641557.
7, 13093
What are the prime factors of 10322864?
2, 645179
What are the prime factors of 513829?
513829
List the prime factors of 8068625.
5, 17, 3797
List the prime factors of 154706.
2, 103, 751
What are the prime factors of 4073729?
11, 199, 1861
List the prime factors of 1888991.
13, 145307
What are the prime factors of 299182?
2, 13, 37, 311
List the prime factors of 160233.
3, 53411
List the prime factors of 186717.
3, 109, 571
List the prime factors of 160194.
2, 3, 26699
What are the prime factors of 1178256?
2, 3, 24547
What are the prime factors of 256900?
2, 5, 7, 367
What are the prime factors of 1523388?
2, 3, 126949
List the prime factors of 277259.
277259
What are the prime factors of 1028686?
2, 514343
What are the prime factors of 278612?
2, 69653
What are the prime factors of 3861006?
2, 3, 17, 37853
List the prime factors of 15955851.
3, 593, 8969
List the prime factors of 3935794.
2, 1967897
List the prime factors of 685881.
3, 7, 19, 191
What are the prime factors of 10381886?
2, 659, 7877
List the prime factors of 178876.
2, 197, 227
What are the prime factors of 733811?
13, 47, 1201
List the prime factors of 1582067.
41, 47, 821
List the prime factors of 344095.
5, 68819
List the prime factors of 510664.
2, 7, 11, 829
List the prime factors of 198328.
2, 13, 1907
List the prime factors of 223776.
2, 3, 7, 37
List the prime factors of 292505.
5, 19, 3079
What are the prime factors of 2341218?
2, 3, 11, 19, 1867
List the prime factors of 4109765.
5, 11, 6793
What are the prime factors of 1969951?
59, 173, 193
List the prime factors of 3572776.
2, 446597
List the prime factors of 3190049.
3190049
What are the prime factors of 13038?
2, 3, 41, 53
List the prime factors of 6993819.
3, 7, 15859
List the prime factors of 1771831.
263, 6737
List the prime factors of 255691.
23, 11117
List the prime factors of 775963.
775963
List the prime factors of 11916098.
2, 47, 109, 1163
List the prime factors of 2317154.
2, 7, 165511
What are the prime factors of 491142?
2, 3, 23, 3559
What are the prime factors of 189822?
2, 3, 17, 1861
What are the prime factors of 8024899?
79, 101581
What are the prime factors of 3865453?
71, 54443
List the prime factors of 1588991.
73, 21767
What are the prime factors of 17091622?
2, 23, 569, 653
What are the prime factors of 118167?
3, 7, 17, 331
List the prime factors of 38391.
3, 67, 191
List the prime factors of 1080813.
3, 360271
List the prime factors of 913020.
2, 3, 5, 15217
List the prime factors of 10414326.
2, 3, 13, 31, 59, 73
What are the prime factors of 273172?
2, 31, 2203
List the prime factors of 94944.
2, 3, 23, 43
What are the prime factors of 779859?
3, 73, 1187
List the prime factors of 1389148.
2, 347287
What are the prime factors of 401046?
2, 3, 66841
What are the prime factors of 2232527?
11, 31, 6547
What are the prime factors of 12424615?
5, 7, 29, 12241
List the prime factors of 436804.
2, 109201
What are the prime factors of 18878?
2, 9439
What are the prime factors of 1823494?
2, 107, 8521
What are the prime factors of 12633938?
2, 6316969
What are the prime factors of 1031462?
2, 47, 10973
List the prime factors of 3094890.
2, 3, 5, 71, 1453
What are the prime factors of 2808318?
2, 3, 61, 7673
What are the prime factors of 110988?
2, 3, 3083
What are the prime factors of 62990?
2, 5, 6299
List the prime factors of 2249870.
2, 5, 7, 32141
What are the prime factors of 6442631?
13, 495587
List the prime factors of 10010.
2, 5, 7, 11, 13
List the prime factors of 12125539.
17, 713267
List the prime factors of 369456.
2, 3, 43, 179
What are the prime factors of 1013078?
2, 11, 46049
What are the prime factors of 13095246?
2, 3, 1409, 1549
What are the prime factors of 17567815?
5, 73, 48131
What are the prime factors of 1934596?
2, 483649
What are the prime factors of 263924?
2, 65981
List the prime factors of 458540.
2, 5, 101, 227
List the prime factors of 4673708.
2, 13, 17, 311
List the prime factors of 2147991.
3, 641, 1117
What are the prime factors of 619416?
2, 3, 7, 1229
List the prime factors of 361403.
7, 17, 3037
List the prime factors of 15522.
2, 3, 13, 199
What are the prime factors of 10356441?
3, 587, 5881
List the prime factors of 1757398.
2, 878699
What are the prime factors of 478749?
3, 53, 3011
List the prime factors of 1910077.
13, 349, 421
List the prime factors of 3383683.
3383683
What are the prime factors of 182374?
2, 67, 1361
What are the prime factors of 236633?
83, 2851
List the prime factors of 416991.
3, 29, 4793
What are the prime factors of 16891764?
2, 3, 1407647
What are the prime factors of 2953398?
2, 3, 7, 19, 3701
List the prime factors of 8227448.
2, 43, 23917
List the prime factors of 14593206.
2, 3, 29, 83869
List the prime factors of 2202754.
2, 1101377
What are the prime factors of 12922003?
59, 219017
List the prime factors of 464424.
2, 3, 37, 523
List the prime factors of 9999467.
73, 136979
List the prime factors of 1358774.
2, 191, 3557
What are the prime factors of 13106452?
2, 751, 4363
What are the prime factors of 720557?
47, 15331
What are the prime factors of 11017433?
7, 269, 5851
What are the prime factors of 204073?
29, 31, 227
What are the prime factors of 5127223?
1621, 3163
List the prime factors of 1266280.
2, 5, 31657
List the prime factors of 1506697.
1506697
What are the prime factors of 17640780?
2, 3, 5, 294013
What are the prime factors of 23304?
2, 3, 971
List the prime factors of 169452.
2, 3, 523
What are the prime factors of 9178803?
3, 557, 1831
List the prime factors of 800430.
2, 3, 5, 26681
What are the prime factors of 1436822?
2, 718411
List the prime factors of 764325.
3, 5, 43, 79
List the prime factors of 183122.
2, 19, 61, 79
What are the prime factors of 506211?
3, 168737
What are the prime factors of 24577262?
2, 12288631
List the prime factors of 710608.
2, 23, 1931
What are the prime factors of 24384372?
2, 3, 19, 106949
List the prime factors of 2448298.
2, 1224149
List the prime factors of 2779472.
2, 19, 41, 223
List the prime factors of 246024.
2, 3, 17, 67
What are the prime factors of 525902?
2, 13, 113, 179
What are the prime factors of 224054?
2, 29, 3863
What are the